n 62 is divided by l(-5)?
14
Let c be 0/3 - (-2 - 67). Suppose -c = -3*l - 0*l. What is the remainder when l is divided by 8?
7
Let s = 2 - -22. Suppose 3*v + 4*w = 43, -2*w = -3*v + v + s. Let g = 39 - v. Calculate the remainder when g is divided by 9.
8
Let g(i) = 2*i**2 + 4*i - 1. Let y be g(-3). Suppose y*t = 45 + 15. Calculate the remainder when 14/21 - 103/(-3) is divided by t.
11
Let q(b) = b**2 + 8*b + 11. What is the remainder when 23 is divided by q(-7)?
3
Suppose 3*v + 8 = -o, -v = o - 5*o + 7. Suppose 2*z - o + 0 = y, -y - 3*z = -14. What is the remainder when 8 is divided by y?
3
Let w = -201 + 302. What is the remainder when w is divided by 13?
10
Suppose 0 = -4*a - 3*l + 85, -66 = -0*a - 3*a - 3*l. Calculate the remainder when 110 is divided by a.
15
Suppose -5*p - 4*a = -70 - 106, -p - 4*a + 32 = 0. Calculate the remainder when 70 is divided by p.
34
Let j = 7 + -5. Suppose j*o + 14 = -46. What is the remainder when 17 is divided by (-306)/o - 1/5?
7
Let x(j) = j**2 + 7*j + 9. Let m be x(-6). Suppose 2*n = -n + m. Calculate the remainder when 1 is divided by n.
0
Let b = 1 + -1. Suppose b = -0*n - n + 25. What is the remainder when 49 is divided by n?
24
Suppose -f = -4*f + 9. Calculate the remainder when (f - 2)*(-16)/(-2) is divided by ((-6)/(-5))/((-4)/(-10)).
2
Let t(d) = 2*d + 17. Let v be t(-13). Calculate the remainder when -1 + (-78)/v*3 is divided by 7.
4
Let l(u) = u - 1. Let c be l(-3). Let o = c - -7. What is the remainder when 2*(-1 + (-9)/(-2)) is divided by o?
1
Let m = 0 + 3. Let v = -26 - -58. Calculate the remainder when v is divided by (2/6)/(m/153).
15
Suppose -p + 16 = p - 2*b, 0 = -p + 4*b + 5. Let k be ((-28)/(-35))/((-4)/10). What is the remainder when 25/k*2*-1 is divided by p?
7
Let v(m) = -m**3 - 15*m**2 - 14*m + 14. Calculate the remainder when 54 is divided by v(-14).
12
Let a(u) = u**3 + 6*u**2 - 4. Let c be a(-6). What is the remainder when 6/c*(-132)/9 is divided by 8?
6
Suppose -5*q - 52 = -9*q. What is the remainder when 62 is divided by q?
10
Let f(o) = 11*o - 51. Calculate the remainder when 137 is divided by f(11).
67
Let i(g) = -2*g + 11. Let y be i(8). Let d(l) = -l. Let z = -8 - -16. Calculate the remainder when z is divided by d(y).
3
Let v = 1 + 6. Let i = 6 + -3. Let j = v - i. What is the remainder when j is divided by 3?
1
Suppose 5*i + 2*q = 409, 5*q + 83 = 2*i - 69. What is the remainder when i is divided by 29?
23
Suppose -34 = -2*j + 14. Calculate the remainder when 94 is divided by j.
22
Suppose 2*z - 2*a = 3*a + 64, -5*a - 190 = -5*z. Calculate the remainder when z is divided by 14 - -3*(0 - 1).
9
Suppose u - 3*w = -3*u + 6, -u - 3*w - 6 = 0. Let p be -3 + (29 - (u + 0)). Let f = 38 - p. What is the remainder when 35 is divided by f?
11
Suppose -15 = -j + 3. Suppose 2*k - 32 = 74. Calculate the remainder when k is divided by j.
17
Suppose -5*p + 37 + 58 = -x, 5*p + 2*x - 80 = 0. What is the remainder when 71 is divided by p?
17
Suppose -5*b - 48 = -78. Calculate the remainder when 7 is divided by b.
1
Suppose -33 = 2*s - 5*s. Let m = 7 - 3. Suppose 0 = -0*y - y + m. Calculate the remainder when s is divided by y.
3
Let f be -1 - (1 - -1 - 1). Suppose o = -3*o + 60. What is the remainder when o is divided by (-8)/(3 + f + -2)?
7
Suppose 0*c - c = -3. What is the remainder when 11 is divided by c?
2
Suppose -3*o + 3*l + 16 = o, 0 = 4*l. Suppose 5 = o*c - 7. Calculate the remainder when 28/(-6)*c/(-2) is divided by 2.
1
Let o be (-11)/22*(-6 + 0). Suppose 0 = -4*p + o*z + 98 + 18, 5*z = -4*p + 148. Calculate the remainder when p is divided by 11.
10
Suppose 3*k - 11 = 1. Suppose 5 = k*a - 19. Suppose v = -j - 1, -2*v - 6 = a*j - 2*j. Calculate the remainder when 1 is divided by v.
0
What is the remainder when (4 - -2)*15 - -2 is divided by 24?
20
Let g be (-29)/(-6) + (-3)/(-18). Let q = -1 + g. What is the remainder when 13 is divided by q?
1
Suppose -3*f = 5*c - 70, -6*f + 5 = -5*f. What is the remainder when 65 is divided by c?
10
Let j = 22 - 40. Let w = j + 30. Calculate the remainder when w is divided by 7.
5
Suppose 2*g - 10 = 0, 0 = -w - 3*g - g + 30. Suppose -2*u = 2*u - 32. Suppose 7*q - u*q + 19 = 0. Calculate the remainder when q is divided by w.
9
Suppose -3*x - m - 3 = -2*x, -15 = -3*x + 5*m. Suppose 5*j - 3*q - 170 + 9 = x, 2*j + q = 60. Calculate the remainder when 121 is divided by j.
28
Let y(r) = -6*r + 2. Let d be y(-4). Let o = d - 10. Let s(x) = -x**3 + 5*x**2 - 5*x + 3. What is the remainder when o is divided by s(3)?
4
Let z(c) = -c - 1. Let r be z(-3). Suppose -4*w = -r*w - 4. Suppose 18 = -0*a + w*a. What is the remainder when 25 is divided by a?
7
Suppose 2*i = 12 - 0. What is the remainder when 8 is divided by i?
2
Suppose 4*j + 19 = 59. Suppose 2*z - 25 - 11 = 0. What is the remainder when z is divided by j?
8
Let z be -6*(8/6 - 2). Suppose 0 = -3*f + 6, -z*o - 3*f = o - 71. Calculate the remainder when (-52)/39 - 224/(-6) is divided by o.
10
Suppose j - 2 = 2*j. Suppose 5*t - 13*t = -120. Calculate the remainder when -2*-43*(-1)/j is divided by t.
13
Suppose -4*q = 5*d - 108, -5*q + 0*q = -2*d - 135. Calculate the remainder when 51 is divided by q.
24
Let l be 12*((-15)/6)/5. Let t = -2 - l. What is the remainder when 15 is divided by t?
3
Suppose 3*r - 4*z + 6 = 34, -2*z - 12 = -r. Suppose -3*m + m = -r. Suppose m*l - 2 - 4 = 0. Calculate the remainder when 8 is divided by l.
2
Let h = 200 + -190. What is the remainder when h is divided by ((-3)/1)/((-6)/8)?
2
Let q(n) = n**2 - 10*n - 6. Let c be q(11). Suppose c*o = -o + 114. What is the remainder when o is divided by 5?
4
Let d(o) = -o**2 + 16*o - 14. What is the remainder when d(11) is divided by 6?
5
Suppose n = -y - 3, y = 4*n - 4 - 9. Let k(h) = -2 + 1 + 4*h - 3*h + 18*h**n. What is the remainder when k(2) is divided by 25?
23
Let v = -7 + 16. Suppose -2*p + 0*p - 3*d = -15, 5*d + 25 = 0. What is the remainder when p is divided by v?
6
Let l be (-3 + 0)/((-5)/20). Suppose -2*g + 2*q + 0*q = -l, g + q = 16. Calculate the remainder when g is divided by 4.
3
Suppose 5*p = 3*m + 3, m + 0 + 11 = 5*p. What is the remainder when 15 is divided by m?
3
Suppose -5*t = -5*k - 10, -4*k - 5*t + 9 = -1. Suppose b = 5*c + 2*b - 224, 2*c - 5*b - 68 = k. What is the remainder when c is divided by 15?
14
Suppose -v - v + 8 = 0. Let f be (-60)/14 - v/(-14). What is the remainder when 5 is divided by ((-6)/f)/((-2)/(-4))?
2
Let z = 69 + 31. Suppose 0 = 6*f - f - z. Calculate the remainder when f + 1*(1 - 1) is divided by 7.
6
Let b(o) = -16*o**2 + 11 - o**3 - 17*o - 34 + 14*o. Calculate the remainder when b(-16) is divided by 7.
4
Let q(y) = -y + 1. Let x(a) = 2*a**2 - 6*a + 3. Let d(b) = -3*q(b) + x(b). What is the remainder when d(6) is divided by 19?
16
Let u(r) = 2*r - 1. Let z be u(3). Suppose z = w + 2. Let m(h) = h - 1. What is the remainder when m(w) is divided by 2?
0
Let g be 5 - 8 - 2/1. Let f = g - -12. What is the remainder when f is divided by 5?
2
Let j(z) = z**3 + 12*z**2 - 13*z + 2. Let n be j(-13). Suppose -29 = -n*d - 7. What is the remainder when d is divided by 7?
4
Let p(b) = 2*b**2 + 4*b - 2. Let x be p(6). Suppose 0 = 3*a + 1 - x. Let d(g) = 15*g**2 + 2*g - 1. What is the remainder when a is divided by d(1)?
15
Suppose -5*c + 9 = -1. Let n(y) = 0*y - 9*y**c - 3*y + 0*y**3 - 7 + y**3 - 2*y. What is the remainder when n(10) is divided by 15?
13
Let g = -141 - -210. Calculate the remainder when g is divided by 24.
21
What is the remainder when (-936)/(-27) + 1/3 is divided by 16/6*36/8?
11
Let v be ((-4)/3)/(5/(-15)). Suppose 216 = -v*n + 8*n. Calculate the remainder when n is divided by 28.
26
Let f(m) = -m - 2. Let j be f(-4). Suppose -2*y = c + j*y, y + 1 = 0. Calculate the remainder when c is divided by 2/2 - 2/(-1).
1
Let d(r) = r**2 - 15*r - 5. What is the remainder when d(17) is divided by 15?
14
Calculate the remainder when 129 is divided by (-5)/40 - (-354)/16.
19
Let o be -1*(6 + -3) + 3. Suppose z - 2 = b - 1, o = b + z - 9. Calculate the remainder when 11 is divided by b.
3
Let m = 90 - 73. What is the remainder when 65 is divided by m?
14
What is the remainder when 1 + 5*(14 - 0) is divided by 24?
23
Suppose -5*l = -2*d - 56 - 26, d = 4*l - 65. Calculate the remainder when 63